)
6
Calculate (-5 - -8) + -3 + -1.
-1
-4 + 9 + -3 + -1
1
5 - 5 - (-1 + 2)
-1
-3 + 5 + 3 + 0
5
Evaluate 0 + -4 + (69 - 69).
-4
Calculate 1 + -7 - (3 + (-23 - -12)).
2
Calculate 6 - (-3 + -1 - -12).
-2
Calculate -9 + 17 + (-1 - 1).
6
What is 0 + 3 - (-4 + -1 - -5)?
3
7 + (2 - 3) - 1
5
What is the value of 7 - (-3 + (5 - -6))?
-1
23 - 18 - (18 - 5)
-8
2 + 2 + -4 + (35 - 36)
-1
What is (-1 - 1) + (-3 - (-10 + 4))?
1
What is 2 - (-5 - -6 - -4)?
-3
Calculate (-2 - (-1 + 2)) + 25 + -28.
-6
What is the value of -7 + 7 + -5 - (-3 - -2)?
-4
Evaluate (2 + 0 - 5) + -18 + 17.
-4
What is (-12 - -6) + 8 - 7?
-5
What is -6 - (-5 + 5 + -2) - -10?
6
What is -1 + 0 + (-15 - -10) + -1?
-7
Calculate (-2 - 3) + 0 + 2.
-3
Calculate (24 - 19) + (3 - 2) + -13.
-7
4 + 2 + 0 + (0 - 1)
5
What is the value of (-4 + 1 - (2 - 2)) + 2?
-1
Evaluate (4 - 2 - 6) + 4 - 5.
-5
-8 + -7 + 17 + -10
-8
Calculate -2 + -1 + (25 - 21).
1
3 + (-6 + 4 - -3) + -5
-1
Evaluate -2 - (4 + -1 + -4).
-1
What is 24 + -12 + -6 + -1?
5
What is the value of 10 + -4 + 0 + -3?
3
Calculate (7 - (11 + 5)) + 1.
-8
What is the value of -1 + 9 + -2 + -4?
2
Evaluate -2 + 2 - (-105 - -109).
-4
What is the value of 1 + 1 + 8 + -6 + -1?
3
Calculate -9 + 20 + (1 - 11).
1
(-9 - -21) + -1 + -17
-6
What is the value of (3 - (-2 - -1)) + -6 + 0?
-2
What is 1 + (-1 - 3 - 1) + 9?
5
Calculate 8 - 2 - (3 + (-7 - -5)).
5
Evaluate (64 - 55) + (1 + -1 - 4).
5
What is -4 - (-10 + 10) - -14?
10
Evaluate -281 - -274 - (-9 - (-1 + 0)).
1
Calculate -24 - -22 - (2 - 6).
2
Calculate 0 - (-2 - 10) - 10.
2
What is -10 + 2 + -2 + 3?
-7
What is the value of 18 - (14 + 6 + -13)?
11
Evaluate (4 - 2) + -2 + 4 + -1.
3
What is -4 - (-3 + -1) - (-6 - -4)?
2
What is -3 + 2 + 3 + -1?
1
What is the value of -3 + (2 - -2 - 1 - 3)?
-3
-1 - 19 - (97 + -110)
-7
-3 - ((-6 - -7) + (3 - 1))
-6
8 + -7 - (4 - -2)
-5
Calculate (-1 - (-7 + 6 + 1)) + 8.
7
Calculate -2 + 3 + -3 - (0 + -6).
4
What is -2 + -1 + 8 + 0?
5
Calculate (-7 - (1 - -1 - 3)) + 0.
-6
Calculate (-2 - 8) + -13 + 24.
1
What is 3 + 1 + (-1 - -2)?
5
What is the value of 10 - (-14 - -31) - (-1 + -2)?
-4
Calculate 7 + 0 + -3 + (1 - 0).
5
5 + -5 + -20 + 5 + 4
-11
What is -8 + 4 + (-1 - -2)?
-3
What is 6 + -5 + 3 + -1 - 4?
-1
Calculate -2 + 6 - (-3 - -8).
-1
-23 + 22 + 1 + -4
-4
5 + -4 + 2 - (-3 - -2)
4
What is the value of -24 - -24 - (1 - (-1 - 3))?
-5
Evaluate 1 - (-1 - -2) - (-4 + 3).
1
1 + 0 + 0 + -4 + 4
1
7 + -2 + -10 + 5 + 2
2
Calculate 1 - -11 - (-21 + 35).
-2
Calculate -3 + (-2 - 1) + 5.
-1
Evaluate (4 - (-4 + 3)) + -3.
2
What is the value of (-6 - -1) + 0 + 2?
-3
What is the value of 9 + 1 + -5 + -4?
1
-12 + (5 - (4 - 4))
-7
Calculate -4 + 4 + (-7 - -4).
-3
Evaluate (-3 - -6) + -4 + (1 - -4).
4
What is the value of -2 + (6 - 7) - -4?
1
What is 4 + -5 + 16 - 9?
6
Calculate (-1 - 1) + 5 + (7 - 11).
-1
What is the value of 14 - -2 - 11 - (-6 - -1)?
10
Evaluate 3 + 1 - (27 + -24).
1
Evaluate -13 - (-19 - -13) - (-1 + 2).
-8
What is the value of (-7 - (-5 - -4)) + 5?
-1
Calculate (7 - 4) + (-1 - (-3 - 0)).
5
What is -4 + 4 - (-1 - 1 - -1)?
1
(2 - 2) + (-5 - (0 + 0))
-5
What is -9 + -5 + 11 - -5?
2
What is -8 + -7 - -6 - -5?
-4
Evaluate -34 - -29 - (5 - (6 + -3)).
-7
Evaluate -1 + 3 + (-12 - -5).
-5
Evaluate 2 + -8 + 4 + -3.
-5
What is (-10 - -20) + -21 - -9?
-2
-25 - -15 - (-5 - 1)
-4
What is (20 - (15 + -4)) + -12?
-3
Calculate (9 - 16 - -11) + -3.
1
4 + -2 + -2 + -4
-4
-3 + (-5 + 7 - 3)
-4
Evaluate 0 + -2 + (4 - 2 - 1).
-1
What is -2 + -1 + (-3 + 7 - -3)?
4
Evaluate 3 + -3 + 4 + (1 - 3).
2
What is (0 - (-3 + -1)) + 5 + -13?
-4
-3 + 2 + (2 - -2)
3
What is (5 - (7 - 1)) + 1?
0
What is the value of (3 - -2) + -5 - 1?
-1
(34 - 39) + 1 + 0
-4
Evaluate (1 - 3 - (1 - 1)) + -1.
-3
What is -8 - (-7 - -3) - (-6 + 0)?
2
1 + (7 - 8) + 4
4
-2 + (-4 - -1) - (-5 + -5)
5
Calculate (-7 - -9 - (0 - 1)) + -1.
2
Calculate 1 + 2 + -1 + (-5 - -2).
-1
What is -18 - -10 - (-1 + -4)?
-3
-8 + 2 + -1 + 5
-2
What is (-2 - (-3 + -1)) + -6?
-4
(-3 - -1) + 8 + 5
11
What is the value of -1 - ((2 - 0 - 0) + -4)?
1
Evaluate (-3 - (-2 + 0)) + 9.
8
Evaluate 1 - -12 - (-34 + 46).
1
Evaluate -5 + (-3 - -2) - -2.
-4
Evaluate -7 + (-5 - -11 - 4).
-5
What is (4 - 1) + -2 - -4?
5
What is -272 + 270 + (0 - -1 - 1)?
-2
Calculate (-2 - -1 - (-9 - -5)) + -6.
-3
Evaluate 1 - (-8 + 23 - 5).
-9
5 - 6 - (16 - 3) - -7
-7
What is the value of -6 + (0 - (-4 + (-6 - -4)))?
0
2 + (-2 - 4) + 0
-4
-10 + 16 + -3 + 0
3
Calculate -3 - (-4 - (4 - 7)).
-2
What is 1 - 0 - -3 - -1?
5
What is 1 + -14 + -3 - (-6 + -2)?
-8
-2 + (8 - 8) + (0 - 1)
-3
What is the value of 34 + -37 - (-2 + (-1 - -7))?
-7
What is the value of 0 - (3 + 3 + -4 - 5)?
3
(-4 - 1) + 10 + -11
-6
10 - (-3 - -11) - -3
5
What is -9 + -3 + -3 + 8?
-7
What is the value of -4 - 2 - (-1 - -2 - 7)?
0
What is -2 + -1 - (-21 + 19)?
-1
(-3 - 3) + 9 - (8 - 0)
-5
What is 5 - (2 + (3 - 4) - 1)?
5
What is the value of -2 + (3 - 7) + -1 + 0?
-7
Evaluate -16 + 15 - (3 - -5).
-9
8 + 5 + -10 - (-2 - -1)
4
Calculate 2 + 2 - (-4 + 11).
-3
-6 + (8 - 14) + 6
-6
Evaluate -1 + 0 + -1 - (39 - 41).
0
Evaluate 14 + -12 + 1 + 1 + -6.
-2
Evaluate 0 - (-4 + -1 - (-92 + 89)).
2
Evaluate (-1 + (2 - 4) - 2) + 0.
-5
1 + 3 - (8 - (2 + 0))
-2
Evaluate (-3 - -2) + (-1 - -4 - 5).
-3
-1 + 0 - 2 - 1
-4
Calculate 11 - 13 - (-3 - 5).
6
What is the value of 3 + 1 - (0 + 3 + 0)?
1
Calculate -2 - (-1 + 4) - -11.
6
1 - (-2 + 11 - 3)
-5
7 - (5 + -3) - 4
1
1 - (-5 - (-3 - -9) - -6)
6
(-33 - -31) + (-1 - 1)
-4
What is (-6 - -2) + 9 + -6?
-1
What is the value of 176 - 176 - (-2 - -9)?
-7
4 + (-3 - 0 - (-41 + 46))
-4
Calculate 0 + (-9 - (-3 - 1)).
-5
What is 160 + -157 - (-1 + -1)?
5
What is the value of 5 - (0 - 1 - 1)?
7
Evaluate 11 - (1 - -14) - (0 + -5).
1
What is the value of 9 + -19 - (-4 + 1)?
-7
Evaluate 1 - (-6 - -6) - 6.
-5
Evaluate -13 + (2 + -3 - -8).
-6
Evaluate -1 + -4 - ((-10 - -20) + -16).
1
What is 0 + 4 + 1 + -8?
-3
-6 + (5 - 2) - (2 + -10)
5
What is 3 + 4 + (0 - 3)?
4
What is 2 - (-1 + (-4 - -10))?
-3
What is 9 - 9 - (-3 + 7)?
-4
What is -6 + 2 + (-2 - -2)?
-4
5 + (-4 - (-13 + 5 + 10))
-1
11 + -6 - (1 - -1)
3
What is the value of 7 - (-2 + -5 + 11)?
3
What is the value of 4 + -3 + -4 + 1?
-2
What is the value of 1 + -2 + -3 + 0 + -2?
-6
What is 5 + (-9 - (-1 + -5 + 1))?
1
Evaluate -9 - (-14 + 14 + -5).
-4
Calculate 0 - 1 - (30 - 32).
1
Evaluate -57 + 56 + (-6 - -1 - -1).
-5
What is (0 - 4) + -11 + 23?
8
What is the value of 24 - 30 - (0 + -3)?
-3
(-43 - -43) + (0 - 0) + -4
-4
(-7 - -2) + (8 + -7 - 3)
-7
Evaluate 1 - (4 - (7 + -4)).
0
Evaluate 0 + (-8 - (-6 - -2)).
-4
Calculate -6 + 13 + -15 - -14.
6
Calculate 0 + -6 - (-3 - (-1 - -3)).
-1
Calculate -12 - (-9 - (-16 - -10)).
-9
What is (9 - (6 + 0)) + -7?
-4
Calculate (-4 - -7) + -2 + -2 + 2.
1
Calculate -1 - 1 - -3 - 4.
-3
Evaluate 28 - 25 - (1 + 7 + 0).
-5
-3 - (-1 - 5) - (2 - 0)
1
Calculate (11 + -7 - 0) + -5 + 3.
2
What is 6 + -2 + -6 + -2 + 0?
-4
35 + -36 - (-1 - (-1 - -2))
1
Calculate 3 + 2 + (-4 - -1) + 1.
3
What is the value of -3 + (9 - 5 - (-1 - 2))?
4
What is (-93 - -104) + (-11 - 1)?
-1
What is the value of -57 + 52 + -2 + -1?
-8
(-7 + 0 - 5) + 7
-5
(2 - (-4 - -6)) + -2
-2
Calculate 8 - ((-2 - -10) + 0).
0
What is the value of (-2 - -4) + (8 - 7) + 1?
4
What is (-8 - -13) + 0 + 4 + -3?
6
Calculate -3 + 1 - (5 + -11).
4
26 + -25 + (1 - 0)
2
4 + (-3 - -5 - 1)
5
-3 + 7 + -4 + 4
4
What is the value of -6 + 12 + -5 + 4?
5
Calculate 3 + -2 + -1 + (-3 - -2).
-1
Evaluate -5 + -1 + (12 - -7) + -9.
4
10 - (-3 + (-5 - -9) + 3)
6
Calculate -2 - (-3 + 0) - (2 + 0).
-1
Calculate (5 - -1) + 11 + -12 - 0.
5
0 + 1 + -3 + 0 + 3
1
Calculate (-2 - -3) + (-3 - 8 - -18).
8
Evaluate -7 + (-3 - (-3 - 3)) + 0.
-4
What is the value of 4 - ((6 - 2) + 0 + -1)?
1
-4 - -7 - (-5 + 7 + 9)
-8
What is -19 + 20 + -5 + 0?
-4
Evaluate (-5 - 1) + -10 + (24 - 13).
-5
Evaluate -2 + 0 + -7 + 9.
0
What is (-3 - -2 - 2) + -2?
-5
Calculate (-1 + -2 + 1 - -5) + 2.
5
What is the value of 0 + -1 + -1 - (-3 - -6)?
-5
6 - (6 + -5 - 0) - -1
6
-9 + 10 + (-1 - (0 - -1))
-1
0 - (0 - 4) - 5
-1
Evaluate -1 + (1 - (0 + 0)) + 1.
1
(5 - 1) + (-9 - 0)
-5
3 - (0 - -9) - -3
-3
Evaluate -4 + (8 - (2 + -3)) + -5.
0
Evaluate (1 - 2) + -43 + 49.
5
(-1 - -30) + -12 - 11
6
Calculate (-4 + 0 - -5) + -1 + -2.
-2
C